{"id":2,"date":"2024-10-12T21:08:43","date_gmt":"2024-10-12T21:08:43","guid":{"rendered":"https:\/\/theosport.cz\/?page_id=2"},"modified":"2025-04-03T19:00:00","modified_gmt":"2025-04-03T19:00:00","slug":"sample-page","status":"publish","type":"page","link":"https:\/\/theosport.cz\/","title":{"rendered":""},"content":{"rendered":"\n<p class=\"wp-block-paragraph\">specalista na j\u00edzdn\u00ed kola a p\u0159\u00edslu\u0161enstv\u00ed.<\/p>\n\n\n\n<figure class=\"wp-block-image size-full\"><img loading=\"lazy\" decoding=\"async\" width=\"4310\" height=\"205\" src=\"https:\/\/theosport.cz\/wp-content\/uploads\/2025\/04\/loga01-1.png\" alt=\"\" class=\"wp-image-245\" srcset=\"https:\/\/theosport.cz\/wp-content\/uploads\/2025\/04\/loga01-1.png 4310w, https:\/\/theosport.cz\/wp-content\/uploads\/2025\/04\/loga01-1-300x14.png 300w, https:\/\/theosport.cz\/wp-content\/uploads\/2025\/04\/loga01-1-1024x49.png 1024w, https:\/\/theosport.cz\/wp-content\/uploads\/2025\/04\/loga01-1-768x37.png 768w, https:\/\/theosport.cz\/wp-content\/uploads\/2025\/04\/loga01-1-1536x73.png 1536w, https:\/\/theosport.cz\/wp-content\/uploads\/2025\/04\/loga01-1-2048x97.png 2048w\" sizes=\"auto, (max-width: 4310px) 100vw, 4310px\" \/><\/figure>\n\n\n\n<h2 class=\"wp-block-heading\"><\/h2>\n","protected":false},"excerpt":{"rendered":"<p>specalista na j\u00edzdn\u00ed kola a p\u0159\u00edslu\u0161enstv\u00ed.<\/p>\n","protected":false},"author":1,"featured_media":0,"parent":0,"menu_order":0,"comment_status":"closed","ping_status":"open","template":"","meta":{"_crdt_document":"","footnotes":""},"class_list":["post-2","page","type-page","status-publish","hentry"],"_links":{"self":[{"href":"https:\/\/theosport.cz\/index.php?rest_route=\/wp\/v2\/pages\/2","targetHints":{"allow":["GET"]}}],"collection":[{"href":"https:\/\/theosport.cz\/index.php?rest_route=\/wp\/v2\/pages"}],"about":[{"href":"https:\/\/theosport.cz\/index.php?rest_route=\/wp\/v2\/types\/page"}],"author":[{"embeddable":true,"href":"https:\/\/theosport.cz\/index.php?rest_route=\/wp\/v2\/users\/1"}],"replies":[{"embeddable":true,"href":"https:\/\/theosport.cz\/index.php?rest_route=%2Fwp%2Fv2%2Fcomments&post=2"}],"version-history":[{"count":14,"href":"https:\/\/theosport.cz\/index.php?rest_route=\/wp\/v2\/pages\/2\/revisions"}],"predecessor-version":[{"id":259,"href":"https:\/\/theosport.cz\/index.php?rest_route=\/wp\/v2\/pages\/2\/revisions\/259"}],"wp:attachment":[{"href":"https:\/\/theosport.cz\/index.php?rest_route=%2Fwp%2Fv2%2Fmedia&parent=2"}],"curies":[{"name":"wp","href":"https:\/\/api.w.org\/{rel}","templated":true}]}}